, 5, 139
List the prime factors of 8275.
5, 331
List the prime factors of 23504.
2, 13, 113
List the prime factors of 2241.
3, 83
What are the prime factors of 19718?
2, 9859
List the prime factors of 52.
2, 13
List the prime factors of 20198.
2, 10099
What are the prime factors of 11898?
2, 3, 661
What are the prime factors of 58907?
58907
What are the prime factors of 5489?
11, 499
What are the prime factors of 28457?
11, 13, 199
What are the prime factors of 2296?
2, 7, 41
List the prime factors of 10107.
3, 1123
List the prime factors of 37032.
2, 3, 1543
List the prime factors of 4857.
3, 1619
List the prime factors of 78414.
2, 3, 7, 1867
List the prime factors of 60531.
3, 20177
What are the prime factors of 756?
2, 3, 7
What are the prime factors of 53?
53
List the prime factors of 65677.
65677
List the prime factors of 30904.
2, 3863
List the prime factors of 26298.
2, 3, 487
What are the prime factors of 1720?
2, 5, 43
List the prime factors of 6795.
3, 5, 151
List the prime factors of 2027.
2027
List the prime factors of 1449.
3, 7, 23
List the prime factors of 1421.
7, 29
List the prime factors of 8185.
5, 1637
What are the prime factors of 3606?
2, 3, 601
List the prime factors of 3466.
2, 1733
List the prime factors of 14043.
3, 31, 151
What are the prime factors of 10182?
2, 3, 1697
List the prime factors of 360.
2, 3, 5
List the prime factors of 122953.
122953
List the prime factors of 30544.
2, 23, 83
What are the prime factors of 159585?
3, 5, 10639
List the prime factors of 14171.
37, 383
List the prime factors of 20288.
2, 317
List the prime factors of 3389.
3389
List the prime factors of 23427.
3, 19, 137
What are the prime factors of 27435?
3, 5, 31, 59
List the prime factors of 1320.
2, 3, 5, 11
List the prime factors of 83215.
5, 11, 17, 89
List the prime factors of 5158.
2, 2579
What are the prime factors of 3203?
3203
List the prime factors of 36516.
2, 3, 17, 179
What are the prime factors of 2005?
5, 401
List the prime factors of 3955.
5, 7, 113
What are the prime factors of 160166?
2, 53, 1511
What are the prime factors of 1122?
2, 3, 11, 17
List the prime factors of 3878.
2, 7, 277
List the prime factors of 13437.
3, 1493
What are the prime factors of 711?
3, 79
List the prime factors of 2215.
5, 443
List the prime factors of 4900.
2, 5, 7
List the prime factors of 8278.
2, 4139
What are the prime factors of 1314?
2, 3, 73
What are the prime factors of 7171?
71, 101
List the prime factors of 1133.
11, 103
What are the prime factors of 19238?
2, 9619
List the prime factors of 3690.
2, 3, 5, 41
What are the prime factors of 5136?
2, 3, 107
What are the prime factors of 107472?
2, 3, 2239
What are the prime factors of 546?
2, 3, 7, 13
What are the prime factors of 7195?
5, 1439
List the prime factors of 735.
3, 5, 7
List the prime factors of 476.
2, 7, 17
What are the prime factors of 287?
7, 41
List the prime factors of 344.
2, 43
List the prime factors of 14235.
3, 5, 13, 73
List the prime factors of 30600.
2, 3, 5, 17
What are the prime factors of 8787?
3, 29, 101
List the prime factors of 13594.
2, 7, 971
What are the prime factors of 7960?
2, 5, 199
List the prime factors of 130526.
2, 11, 17, 349
List the prime factors of 10643.
29, 367
List the prime factors of 3133.
13, 241
List the prime factors of 1070.
2, 5, 107
List the prime factors of 12249.
3, 1361
What are the prime factors of 203?
7, 29
What are the prime factors of 82536?
2, 3, 19, 181
List the prime factors of 90841.
90841
What are the prime factors of 113?
113
What are the prime factors of 26844?
2, 3, 2237
What are the prime factors of 42091?
7, 859
List the prime factors of 3284.
2, 821
What are the prime factors of 126?
2, 3, 7
What are the prime factors of 971?
971
List the prime factors of 83413.
11, 7583
What are the prime factors of 10322?
2, 13, 397
What are the prime factors of 1182?
2, 3, 197
List the prime factors of 511.
7, 73
What are the prime factors of 9281?
9281
What are the prime factors of 29518?
2, 14759
What are the prime factors of 4799?
4799
List the prime factors of 2270.
2, 5, 227
What are the prime factors of 2878?
2, 1439
What are the prime factors of 2835?
3, 5, 7
List the prime factors of 68281.
68281
List the prime factors of 5782.
2, 7, 59
What are the prime factors of 748?
2, 11, 17
List the prime factors of 22354.
2, 11177
List the prime factors of 4119.
3, 1373
List the prime factors of 6795.
3, 5, 151
What are the prime factors of 49928?
2, 79
List the prime factors of 969.
3, 17, 19
List the prime factors of 126.
2, 3, 7
List the prime factors of 2660.
2, 5, 7, 19
What are the prime factors of 13258?
2, 7, 947
List the prime factors of 22682.
2, 11, 1031
List the prime factors of 2651.
11, 241
List the prime factors of 13318.
2, 6659
What are the prime factors of 2719?
2719
What are the prime factors of 1342?
2, 11, 61
List the prime factors of 3581.
3581
List the prime factors of 80.
2, 5
List the prime factors of 14190.
2, 3, 5, 11, 43
List the prime factors of 3161.
29, 109
List the prime factors of 29438.
2, 41, 359
What are the prime factors of 15854?
2, 7927
What are the prime factors of 3980?
2, 5, 199
What are the prime factors of 87068?
2, 21767
What are the prime factors of 13243?
17, 19, 41
List the prime factors of 1010.
2, 5, 101
List the prime factors of 50862.
2, 3, 7, 173
What are the prime factors of 952?
2, 7, 17
List the prime factors of 53846.
2, 13, 19, 109
List the prime factors of 638.
2, 11, 29
List the prime factors of 5335.
5, 11, 97
What are the prime factors of 1289?
1289
List the prime factors of 170627.
170627
What are the prime factors of 44057?
13, 3389
List the prime factors of 1317.
3, 439
What are the prime factors of 8050?
2, 5, 7, 23
List the prime factors of 115373.
113, 1021
What are the prime factors of 40?
2, 5
What are the prime factors of 493?
17, 29
What are the prime factors of 7618?
2, 13, 293
What are the prime factors of 6489?
3, 7, 103
What are the prime factors of 1693?
1693
What are the prime factors of 77135?
5, 15427
List the prime factors of 1839.
3, 613
What are the prime factors of 6395?
5, 1279
What are the prime factors of 17220?
2, 3, 5, 7, 41
List the prime factors of 2995.
5, 599
What are the prime factors of 1054?
2, 17, 31
List the prime factors of 111121.
111121
List the prime factors of 26985.
3, 5, 7, 257
What are the prime factors of 260?
2, 5, 13
What are the prime factors of 25379?
41, 619
What are the prime factors of 69077?
67, 1031
List the prime factors of 27478.
2, 11, 1249
List the prime factors of 16343.
59, 277
List the prime factors of 7585.
5, 37, 41
What are the prime factors of 10878?
2, 3, 7, 37
List the prime factors of 925.
5, 37
What are the prime factors of 240?
2, 3, 5
List the prime factors of 358.
2, 179
What are the prime factors of 20369?
20369
What are the prime factors of 3970?
2, 5, 397
What are the prime factors of 2421?
3, 269
List the prime factors of 206.
2, 103
List the prime factors of 65284.
2, 19, 859
What are the prime factors of 27231?
3, 29, 313
List the prime factors of 3823.
3823
What are the prime factors of 3712?
2, 29
What are the prime factors of 18039?
3, 7, 859
What are the prime factors of 520?
2, 5, 13
What are the prime factors of 429?
3, 11, 13
List the prime factors of 7440.
2, 3, 5, 31
List the prime factors of 1879.
1879
What are the prime factors of 2219?
7, 317
What are the prime factors of 117?
3, 13
List the prime factors of 1329.
3, 443
What are the prime factors of 131726?
2, 7, 97
What are the prime factors of 28038?
2, 3, 4673
List the prime factors of 11209.
11, 1019
What are the prime factors of 742?
2, 7, 53
List the prime factors of 22713.
3, 67, 113
What are the prime factors of 1001?
7, 11, 13
List the prime factors of 2075.
5, 83
List the prime factors of 58248.
2, 3, 809
List the prime factors of 17581.
17581
List the prime factors of 1021.
1021
List the prime factors of 3976.
2, 7, 71
What are the prime factors of 2364?
2, 3, 197
What are the prime factors of 56856?
2, 3, 23, 103
What are the prime factors of 591?
3, 197
What are the prime factors of 45212?
2, 89, 127
List the prime factors of 4242.
2, 3, 7, 101
What are the prime factors of 4899?
3, 23, 71
List the prime 